s -5 + 39504?
394bb
In base 14, what is a - -1022?
102c
In base 8, what is 4 - 201055?
-201051
In base 6, what is 253335 + -3?
253332
In base 16, what is 136f - 3f?
1330
In base 10, what is -4630 + 3?
-4627
In base 3, what is 21 + -2100111?
-2100020
In base 16, what is -1018d3 + 3?
-1018d0
In base 16, what is -490c + -6?
-4912
In base 14, what is -4 + 30cc2?
30cbc
In base 4, what is -132133 + 220?
-131313
In base 16, what is -12a + 4f?
-db
In base 15, what is 5 - -46cc?
46d2
In base 4, what is 23 - 1300122?
-1300033
In base 2, what is 11 - -1101110001110000010?
1101110001110000101
In base 13, what is a8 - a42?
-967
In base 8, what is 336 + 536?
1074
In base 2, what is 1010001101100 - 100?
1010001101000
In base 14, what is 43 - -1796?
17d9
In base 5, what is 4414223 - 3?
4414220
In base 3, what is 12000220 - 120?
12000100
In base 15, what is 146 + 50?
196
In base 3, what is -10122211 + -1?
-10122212
In base 8, what is 5652 + -27?
5623
In base 10, what is -1802 - -448?
-1354
In base 7, what is -6142 + 35?
-6104
In base 15, what is -e - -e69c?
e68d
In base 4, what is -130 - -31323133?
31323003
In base 10, what is -3555 - -45?
-3510
In base 16, what is -11a2 + -27?
-11c9
In base 8, what is 2 - 653123?
-653121
In base 6, what is 4 - -15115240?
15115244
In base 8, what is -255704 + 2?
-255702
In base 15, what is 0 + -14847?
-14847
In base 2, what is -11 - 1011000111011?
-1011000111110
In base 7, what is 12236 + -61?
12145
In base 15, what is 42 + -220?
-1cd
In base 4, what is 20 - -212022?
212102
In base 14, what is -7641 - 22?
-7663
In base 4, what is 0 - -122112221?
122112221
In base 16, what is e03 - 34b?
ab8
In base 9, what is -1 + 23684?
23683
In base 3, what is -2202201101 - -11?
-2202201020
In base 5, what is 3 + -11341131?
-11341123
In base 4, what is -32 + 20112?
20020
In base 10, what is -462 + -122?
-584
In base 8, what is 5463107 - -3?
5463112
In base 14, what is -a9bdc + 1?
-a9bdb
In base 10, what is 3 + 24575?
24578
In base 13, what is -1b3 - 3174?
-3357
In base 10, what is -1253 - -4?
-1249
In base 5, what is 10 + -1002401?
-1002341
In base 6, what is 5 - 2011?
-2002
In base 16, what is 2a - -8bd8?
8c02
In base 7, what is 15462 + 536?
16331
In base 3, what is 210210 + 1?
210211
In base 10, what is 7 - 21694?
-21687
In base 6, what is 121 + -10025?
-5504
In base 3, what is -1011111101220 - -11?
-1011111101202
In base 16, what is 9ac5 + d?
9ad2
In base 14, what is 444a9 + -12?
44497
In base 16, what is 6 + 11cd?
11d3
In base 7, what is -5602010 + 1?
-5602006
In base 16, what is 51f6 + -10?
51e6
In base 2, what is -100100 + 111111000010?
111110011110
In base 7, what is 52 - -23631?
24013
In base 6, what is -40454243 + -5?
-40454252
In base 16, what is -9 + 42af6?
42aed
In base 7, what is -1050 - 3226?
-4306
In base 3, what is 12 - 100022?
-100010
In base 5, what is -422433 - 3042?
-431030
In base 3, what is 1 - -2022201100?
2022201101
In base 7, what is 1013606 + 1?
1013610
In base 12, what is 27 + 11695?
11700
In base 8, what is 5 + 31437?
31444
In base 14, what is 28aad - 2?
28aab
In base 11, what is -136579 - -11?
-136568
In base 3, what is -1022201 + 12001?
-1010200
In base 4, what is -111 - 1133031?
-1133202
In base 7, what is 51452 + -2?
51450
In base 10, what is 281 - 3?
278
In base 3, what is 212 - 1002100?
-1001111
In base 10, what is -137135 - -19?
-137116
In base 9, what is -144 - -463?
318
In base 5, what is -4333110 - 4?
-4333114
In base 14, what is a8 + 14c2?
158a
In base 3, what is 22102 - -1011222?
1111101
In base 14, what is 612 + -4?
60c
In base 4, what is 3223022322 - 10?
3223022312
In base 9, what is 77560 + 15?
77575
In base 2, what is -10001101 + -100110111000?
-101001000101
In base 12, what is 1a436 - 2?
1a434
In base 13, what is 478 + -376?
102
In base 3, what is -21 + -1120012?
-1120110
In base 16, what is -1 + -191d9?
-191da
In base 13, what is -3 - -459b2?
459ac
In base 16, what is -6ca3 + 77?
-6c2c
In base 3, what is 20 + 102220001?
102220021
In base 14, what is 8126 - -2?
8128
In base 10, what is -4 - -6093?
6089
In base 3, what is 112010 - -11201?
200211
In base 5, what is 13 + 223210?
223223
In base 8, what is 4335 + 673?
5230
In base 4, what is -1203223 + -101?
-1203330
In base 3, what is -212202000122 - 12?
-212202000211
In base 15, what is -89d + -e2?
-990
In base 7, what is -5545031 + -4?
-5545035
In base 10, what is -17679 - 6?
-17685
In base 16, what is 5 + -24fd8?
-24fd3
In base 15, what is 708e - -c?
709b
In base 2, what is -10110110000001 - -1000011?
-10110100111110
In base 10, what is -27 + -1889?
-1916
In base 8, what is 227442 - -1?
227443
In base 9, what is -7 - 255?
-263
In base 6, what is 2 + 13020024?
13020030
In base 12, what is 60 + -2471?
-2411
In base 7, what is 1 + -104433?
-104432
In base 10, what is 1 + -60425?
-60424
In base 16, what is 578ba + 5?
578bf
In base 13, what is 3 - -b565?
b568
In base 15, what is -28635 - -2?
-28633
In base 13, what is c7 - -28?
122
In base 15, what is -2307 + 2a?
-22cc
In base 13, what is 139 - -1508?
1644
In base 8, what is -20 + 242050?
242030
In base 5, what is 114 - 11144?
-11030
In base 16, what is -8 - -2fb5d?
2fb55
In base 15, what is -4ed658 + -3?
-4ed65b
In base 15, what is 901 - 48?
8a8
In base 9, what is -505138 - 2?
-505141
In base 9, what is -3 - 372510?
-372513
In base 10, what is -8513133 + -5?
-8513138
In base 3, what is -22021121 + 222?
-22020122
In base 4, what is -22 - 203302?
-203330
In base 6, what is -342355 - -13?
-342342
In base 15, what is 75 + 18a?
210
In base 14, what is 7a + -121?
-85
In base 15, what is -17 + -e3c?
-e54
In base 6, what is 5 + -104112?
-104103
In base 9, what is -227 + -33?
-261
In base 14, what is -5 + -5d27?
-5d2c
In base 7, what is 26220121 - -1?
26220122
In base 15, what is -15c57 - -12?
-15c45
In base 4, what is -10 + 2103231?
2103221
In base 11, what is 136013 + -4?
13600a
In base 12, what is 43a55 + -1?
43a54
In base 12, what is 10 + -aa4?
-a94
In base 6, what is -3 - 435020?
-435023
In base 12, what is 4 + -a735?
-a731
In base 16, what is 3 - -42?
45
In base 12, what is -4 + -827?
-82b
In base 14, what is -11902 - -27?
-118b9
In base 15, what is -8ea + 87?
-863
In base 3, what is 10 - -20111020222?
20111021002
In base 6, what is 151101 + 52?
151153
In base 13, what is -529 + -bc?
-618
In base 13, what is -9a155 - -1?
-9a154
In base 12, what is -b - 3330?
-333b
In base 7, what is 10 + 126052?
126062
In base 3, what is 2110020 + 1111?
2111201
In base 14, what is -28d + 1228?
d79
In base 9, what is -216 + 223?
6
In base 9, what is 220 - -363?
583
In base 15, what is -4 + -10e5e?
-10e63
In base 16, what is b6 + -1f8?
-142
In base 16, what is -15b + 231?
d6
In base 13, what is -5366 - -a?
-5359
In base 7, what is -1 - 352565?
-352566
In base 10, what is 14388 - 1?
14387
In base 5, what is -11041 - 304?
-11400
In base 7, what is 2131034 + -20?
2131014
In base 16, what is -f1e5 - 3?
-f1e8
In base 3, what is -2221 - 200011?
-210002
In base 4, what is -130322112 - -2?
-130322110
In base 13, what is -6587 + -6?
-6590
In base 12, what is 0 + 5ab30?
5ab30
In base 8, what is 36731 + 3?
36734
In base 4, what is 0 + 331?
331
In base 13, what is 280b99 - 4?
280b95
In base 11, what is -19447 + -5?
-19451
In base 5, what is 134143 + 3?
134201
In base 16, what is a8 - 7ef?
-747
In base 14, what is 52d5 - 1?
52d4
In base 5, what is 101 + 10433030?
10433131
In base 11, what is 249 + -836?
-598
In base 9, what is -1456 + 273?
-1173
In base 14, what is -75d - 320?
-a7d
In base 8, what is -1672 + -461?
-2353
In base 12, what is -5 + 2a916?
2a911
In base 4, what is -3222 - 30133?
-100021
In base 6, what is 5 - -355124?
355133
In base 11, what is -3 - -463625?
463622
In base 11, what is -5 + a21a4?
a219a
In base 6, what is -22 - 522330?
-522352
In base 6, what is -5044231 + 5?
-5044222
In base 7, what is -6343 + -5440?
-15113
In base 11, what is 152 + 10a?
261
In base 16, what is 9df + e5?
ac4
In base 11, what is 6 + -17234?
-17229
In base 4, what is -12 + -2032212?
-2032230
In base 6, what is 4 + -51454503?
-51454455
In base 10, what is -179560 + -28?
-179588
In base 2, what is 0 - -1011100000110100001?
1011100000110100001
In base 10, what is -40 + -457?
-497
In base 8, what is 3 - -70766?
70771
In base 14, what is -10 + 